3
Let y(x) = x**3 - 7*x**2 + 4*x + 7. Let g be y(6). Let a(f) = -f**3 - 4*f**2 + 4*f - 4. Give a(g).
1
Let o(t) be the first derivative of 3*t**2/2 + 4*t - 7. Calculate o(7).
25
Let a(k) = -5*k - k**2 + k**3 - 2*k**2 + 1 + 0*k**3. Let o(f) = -f**3 + 6*f**2 - 4*f - 1. Suppose 3*z = -7 + 22. Let h be o(z). Determine a(h).
-3
Suppose -6*v + 2*v = -16. Let r be 24/(-10) - v/(-10). Let j(t) = -2*t**2 - t + 2. What is j(r)?
-4
Let d(x) = -1 - 5*x + x + x. Suppose 7 = -2*s + 1, 0 = 5*w + 4*s + 2. Calculate d(w).
-7
Let a = -1 - -3. Let z(r) = 0*r**3 + 4*r + 2*r**2 + 1 - 3*r**2 + r**3 - 5*r**a. Determine z(5).
-4
Let h(b) = b**2 + 5*b - 3. Let q be -1*(5 - -2)*1. Let g = q - -3. Give h(g).
-7
Let g(b) = -3*b - 2. Let p(n) = 5*n + 5. Let o(k) = 7*g(k) + 4*p(k). Let i be (3 - 5)/2 + -1. Let q be 0 + -2 - (0 + i). What is o(q)?
6
Let z(r) = -2*r**2 - 18*r + 4. Let i be z(-9). Let v(f) = f**2 - 6*f + 4. Determine v(i).
-4
Suppose -4*m + 4*u = -u - 8, 5*u = m - 17. Let z(d) = d**3 + 3*d**2 - d. What is z(m)?
3
Let z be (3/(-6))/((-2)/(-16)). Let k(u) = 3*u - 2 + 3*u - 4*u. Give k(z).
-10
Let m(a) = -a**2 + a - 1. Let t(i) = -4*i**2 + 3*i - 8. Let o(n) = -3*m(n) + t(n). Calculate o(0).
-5
Let x(l) = -l**3 + l**2 - 3*l - 3. Let g(p) = -p**3. Let y(q) = -3*g(q) + x(q). Suppose t + 2*t = -6. Calculate y(t).
-9
Let a(s) = -12 - 3*s**2 - 9 + 22 - 2*s. Suppose -3*c = j - 10, 4*c = -c + 5*j + 10. Suppose -c*n + 7 = -5*u, -u = 2*n - n + 3. Give a(u).
-7
Let p(q) = 2*q**2 - 2*q + 1. Let o(a) = a - 1. Let j be o(2). Let y be p(j). Let b(t) = 2*t**2 - 6 + 2 - t**2 + y. Determine b(-3).
6
Let f(n) = n**3 - 6*n**2 - 6*n - 7. Suppose 7 = -2*k + 3*k. What is f(k)?
0
Let n(j) = -2*j + 1 + 5*j + 0*j + j**2. Suppose -w + 5 = 0, 0 = -3*g - 5*w + w + 26. Suppose 4*i + 3*s + 10 = -0*s, 4*i - s = -g. What is n(i)?
-1
Let t(r) = -r + 14. Suppose -2*o - 14 = -4*o. Calculate t(o).
7
Let l(t) = t**2 - 4*t - 4. Suppose 17*q = 13*q + 12. Give l(q).
-7
Let t(j) = -2*j**2 + 2*j + 5. Let r be t(3). Let b(p) = p - 6. Calculate b(r).
-13
Let z(x) = -x - 3. Let k = -23 + 41. Suppose 5*i = -2*l - 24, 3*i + 7*l = 4*l - k. What is z(i)?
1
Let o(p) = -5*p - 4. Let b(y) = 11*y + 8. Let t(v) = 6*b(v) + 13*o(v). Determine t(8).
4
Let i(h) = -17*h - 20*h + 35*h + 1. Determine i(0).
1
Let s(w) be the second derivative of -w**7/840 + w**6/120 - w**4/24 - 3*w**3/2 - 6*w. Let v(b) be the second derivative of s(b). Determine v(2).
3
Let p = 1 - -1. Let n be (-4)/((-3)/(9/6)). Let f(r) = p*r**n - 4 + r + 0*r + 0*r + r. Calculate f(-3).
8
Let g(v) = -4*v - 2. Suppose 5*n - 5*l - 50 = 0, -2*l + 22 = 10*n - 5*n. Suppose -24 = 5*k + n. Let w = 8 + k. Determine g(w).
-10
Let f(z) = -11*z + 17. Let k(v) = -5*v + 8. Suppose -4*n - 5*c - 12 + 3 = 0, 9 = 3*c. Let j(r) = n*f(r) + 13*k(r). Give j(-2).
0
Let h(x) be the first derivative of x**3 + 0*x - 3/2*x**2 + 3. What is h(2)?
6
Suppose -4*b - 12 = 0, -2*w + 2*b = w - 9. Let n(s) = -2*s - w + 1. Let x = -4 - -1. Determine n(x).
6
Suppose 0 = -3*y + h + 59, -y + 37 = -4*h - 1. Let n(f) = y - 30 + 13 - f. What is n(3)?
-2
Suppose 0 = 2*a + 4*r - 4, 0*r - 4*r + 4 = -5*a. Let j(z) = 4 - 1 + a*z - z. Let c = 50 + -47. What is j(c)?
0
Let n = 19 + -23. Let v(l) be the first derivative of l**4/4 + l**3 - 3*l**2/2 - 2*l - 2. Calculate v(n).
-6
Let p(i) be the third derivative of -1/6*i**4 + 0 - 4*i**2 + 0*i + i**3 - 1/60*i**5. Calculate p(-5).
1
Let o(b) = 3*b**2 + b + 5. Let l(j) = 7*j**2 + j + 11. Let z(v) = 2*l(v) - 5*o(v). Give z(-4).
-7
Let i(o) = o**2 - 4*o + 3. Let s be i(3). Suppose -b = -s*b. Let t(f) = -2*f + 2 + f - 2 + 1. What is t(b)?
1
Let k(i) be the second derivative of i**3/6 - i**2/2 - i. Let h be k(5). Let p(c) be the second derivative of -c**3/6 + 7*c**2/2 + 57*c. Determine p(h).
3
Let b(a) be the second derivative of a**5/20 + 7*a**4/12 + a**3 - 3*a**2 - a. Suppose -2*x + 2*g = -0*g + 4, 38 = -5*x - 2*g. Calculate b(x).
-6
Suppose -8*l + 3*l = x + 1, 0 = 5*l - 5*x - 5. Let v(t) = -t**3 + t**2 - 1. Determine v(l).
-1
Suppose -3*v = 2*v - 5. Let x = v + 1. Let w(s) be the third derivative of -s**6/120 + s**5/30 + s**3/6 + 5*s**2. Give w(x).
1
Suppose -2*h + 25 = 3*h. Let d(l) be the second derivative of -7/2*l**2 + 0 + l + 1/6*l**3 + 1/20*l**5 - 5/12*l**4. What is d(h)?
-2
Suppose -5*f + 0*g + 5*g + 20 = 0, -12 = -3*f - 4*g. Suppose a + 25 = -f*a. Let x(y) = -y**3 - 4*y**2 + 2*y - 6. Give x(a).
9
Let a(w) = w**3 - 4*w**2 - 4*w + 10. Let z be a(4). Let p(c) = 2*c + 2. Determine p(z).
-10
Let z(w) = -3*w**2 + w + 1. Let a be (-24)/9*(-3)/(-2). Let k = 10 - 4. Let c be (-1)/(-2) + k/a. What is z(c)?
-3
Let z(s) = -3*s. Suppose 2 - 7 = 5*a. Calculate z(a).
3
Let w(v) = v**3 + v**2 + v - 1. Let g be (-2)/(-8) + 11/4. Let d(l) = -8 + 5*l**3 - 2*l**3 + 10*l + l**2 + l**g. Let n(y) = -d(y) + 5*w(y). What is n(-5)?
3
Let x(t) = t**3 - 9*t**2 + 5*t + 4. Let h = 6 - 11. Let a(d) = -2*d**3 + 19*d**2 - 10*d - 9. Let q(k) = h*x(k) - 2*a(k). What is q(6)?
4
Let p = -13 - -19. Let a be (-4)/p*(-45)/6. Let d(q) = -q**2 + 3*q + 4. Determine d(a).
-6
Let j(w) = -w - 1. Let c(a) = -a**3 - 18*a**2 + 17*a - 43. Let r be c(-19). Give j(r).
4
Let t(c) = -1. Let d(a) = 13*a - 6. Let v(p) = d(p) - 5*t(p). Give v(-1).
-14
Let o be 4/2 + -3 - 3. Let x(l) = -l**3 - 5*l**2 - 6*l - 2. Calculate x(o).
6
Let m(t) = -t. Let a(u) = -u**2 + 3*u + 1. Let o(x) = -x**3 - 11*x**2 - 1. Let v be o(-11). Let s(d) = v*m(d) + a(d). What is s(3)?
4
Let q(p) = 10*p. Let y(n) = 5*n - 6*n - 2 - 3. Let a be y(-6). What is q(a)?
10
Let g(i) be the first derivative of -i**2/2 - 9*i - 18. Determine g(0).
-9
Let j be (4*(-3)/(-6))/(-2). Let u(m) = -m**2 - 1. Let y(p) = p**3 + p**2 - 4*p + 2. Let o(a) = j*y(a) - 4*u(a). Give o(4).
2
Let j(z) = -7*z + 5. Let o(f) = -8*f + 4. Let s(v) = 7*j(v) - 6*o(v). What is s(6)?
5
Let g(k) = k**2 - 11*k - 12. Let w(c) = c**2 - 12*c - 13. Let r(q) = -5*g(q) + 4*w(q). What is r(7)?
8
Suppose 2*m - 4*m = f - 1, 0 = -2*f - 5*m. Let i(k) = 2*k**3 - 2*k + 1. Let a be i(1). Let u(j) = -a + 1 - j**2 + 2*j + 7. Determine u(f).
-8
Let m(r) = 2*r + 1. Let a be m(1). Let c(b) = 0*b**3 - b**a + 2*b**2 - 4*b + 5 - 2 + 0*b**3. Give c(2).
-5
Let r(t) = -t**3 + 9*t**2 - 8*t - 4. Let i(g) = -g**3 + 10*g**2 - g + 18. Let p be i(10). Determine r(p).
-4
Let h(x) be the second derivative of x**4/12 - x**3 - x**2 - 53*x. What is h(6)?
-2
Let p(m) = -2*m**3 - m**2. Suppose 3*b = -0*b - 6. Let k = b + 4. Let f be (-1)/(0 + -1 + k). Give p(f).
1
Let m(h) = h**2. Let s(j) = 3*j**2 + j - 1. Let w(z) = -4*m(z) - s(z). Let c(t) = 4*t**2 + t - 1. Let n = -7 - -12. Let u(v) = n*c(v) + 3*w(v). Calculate u(3).
-5
Let x(p) = 0 - p**3 - p**2 + 2 + 0*p**3 + 0*p**2. Let a be 3/(-12)*-2*0. What is x(a)?
2
Let k be -1*3 + (3 - 0). Let i(r) = 2 - 5*r + r + k*r**2 - r**3 + 5*r**2. Let p(q) = 2*q. Let j be p(2). Determine i(j).
2
Let i(g) = g**3 + 2*g**2 + 2*g - 3. Suppose 5*f + 7 = -8. What is i(f)?
-18
Let r(x) = -x**3 - 4*x**2 - x + 4. Let c(d) = -d**2 - 5*d - 5. Let s be c(-5). Let h = -8 - s. Calculate r(h).
-2
Let g = -12 + 10. Let t(q) = -3*q - 1. Calculate t(g).
5
Let p(g) be the first derivative of -g**3/3 + 9*g**2/2 - 7*g + 33. Give p(9).
-7
Let g(l) = -87 - l**2 + 87 + 3*l. Calculate g(4).
-4
Let m(i) = 13*i - 7*i - 4*i - 1. Let r be 9/6 - (-1)/2. Calculate m(r).
3
Let q(t) = t**3 - 5*t**2 + 3*t - 12. Suppose 0 = y - 5*p - 10, -y = -2*p + 4*p - 3. What is q(y)?
3
Let y(z) be the second derivative of -z**3/2 - 3*z**2/2 - 7*z. Give y(-4).
9
Let w(u) = 5*u**3 - 9*u**2 + 4*u - 9. Suppose 3*a + 12 + 0 = 0. Let r(v) = v**3 - v**2 + v - 1. Let c(q) = a*r(q) + w(q). Give c(5).
-5
Let a(k) = -k**2 + 3*k - 1. Let u be (2/(-5))/((-1)/5). Suppose -11 = 2*w + 3*f, -7*f + 3*f = -3*w + 26. Let r = w + u. Give a(r).
-5
Let b be (-12)/6*6/(-4). Suppose 5*d - 6*d + b = 0. Let c(g) = -g**2 + 2. What is c(d)?
-7
Let k = 45 + -43. Let y(q) be the first derivative of 0*q + 1/2*q**2 + k. What is y(4)?
4
Let k(r) = -4*r**2 + r + 4. Let v(f) = 5*f**2 - 2*f - 5. Let t(h) = 6*k(h) + 5*v(h). Let j = -159 - -161. What is t(j)?
-5
Let r(s) = -s + 3. Let k = 12 - 13. Let d be 0 + 0*k/2. Give r(d).
3
Let q be ((-2 + 2)*1)/(-2). Let o = -3 - -6. Suppose -l = -3*s - 2, -o*l = -q*l - 5*s + 2. Let m(p) = p**2 + 4*p + 4. Give m(l).
